 14 a factor of c?
False
Let d = -427 - -432. Suppose -5*q = 4*l - 425 + 107, 5*l - 72 = -q. Suppose d*g - q = -4*f, -5*g = -4*g - 2. Does 13 divide f?
True
Let w = 8779 - 3657. Suppose 0*d - w = -26*d. Does 4 divide d?
False
Let k = 147 - 313. Let d = k - -69. Let b = -14 - d. Is 5 a factor of b?
False
Suppose 8*o + 173 = -755. Let i = -100 - o. Let w = 23 - i. Is 7 a factor of w?
True
Let v(a) be the second derivative of a**5/20 - 13*a**4/12 + 23*a**3/6 - 3*a**2/2 - 14*a. Let d be v(11). Is 1 - 10/d - (-410)/8 a multiple of 4?
False
Suppose 3*n - 5*n + 330 = 0. Suppose -10 = 2*k, 4*y + 102*k - 43 = 105*k. Suppose -n = 2*i - y*i. Does 9 divide i?
False
Does 13 divide 5140/2 + 3 - (9 + -5)?
False
Let q be 1*(0 + -3 + 3). Suppose q = g - 6*g + 3580. Suppose -z - 2*b = -2*z + 136, -5*z = 2*b - g. Does 6 divide z?
False
Let n(x) = -174*x - 4276. Let m be n(-25). Let z = -36 - -80. Suppose -m = -y - z. Is y a multiple of 4?
False
Suppose 0 = 21*y + 1721 + 4012. Let o = y - -493. Is o a multiple of 8?
False
Suppose -4*w + 1532 = 4*u, u + 2*u - 3*w - 1125 = 0. Suppose z - 3*z + 4*m + 798 = 0, -z - 3*m + u = 0. Is 6 a factor of z?
False
Let a(l) = -24*l + 15. Let s(b) = -3*b + 2. Let j(r) = -4*a(r) + 33*s(r). Suppose 0 = 5*p, 3*p = 5*m - 3*m + 4. Is j(m) a multiple of 6?
True
Does 20 divide (4900 - 111)*(9/3)/3?
False
Let x = 8668 + -7010. Is 110 a factor of x?
False
Suppose 2*c + 3*o = 2*o + 3, 3*c - 7 = -2*o. Let w be (c + -11)/(-4) + 58. Suppose -x + w - 7 = 0. Does 14 divide x?
False
Suppose -2*l - 10 = 4*p + 4, 12 = -l - 3*p. Suppose -l*v + 0*v = -c + 15, c + 3*v = 21. Does 15 divide c/24 + 461/4?
False
Let q(s) = s**2 - 17*s + 31. Suppose 2*d - 136 = -6*d. Does 8 divide q(d)?
False
Let i = 2915 + -1931. Let n = 1763 - i. Does 59 divide n?
False
Let u(c) = 2*c - 10. Let w be u(6). Suppose 0 = w*s + 43 - 207. Is 24 a factor of s?
False
Suppose y = -0*a - 5*a - 319, -16 = 4*y. Suppose 34*g - 12*g = -2838. Let l = a - g. Does 12 divide l?
False
Let b be -5 - 0/(3 + 0). Let k = 40 + -32. Let f = k - b. Does 13 divide f?
True
Let u = -334 + 320. Is 2*u*46/(-8) a multiple of 4?
False
Suppose 14 + 22 = z + 5*n, z - 3*n = 20. Suppose -z*l + 33*l - 3157 = 0. Is l a multiple of 13?
False
Let m be (-41)/(-164) - (-14)/8. Suppose 0 = 4*z + h - 136, -4*h = -z + m*z - 19. Does 8 divide z?
False
Does 12 divide -3*1 - (-21428 - -173)?
True
Suppose -171008 = 184*h - 192*h. Is 64 a factor of h?
True
Let w be (4 - 7)/((-1)/(2/3)). Is 23 a factor of 35/(14/w) + 564?
False
Let x be 0/((-13)/(78/12)). Suppose x = 12*f - 14*f + 1580. Does 60 divide f?
False
Suppose 5 = -g, 242 = 3*p - g - 3*g. Let f = 77 - p. Suppose 0 = 3*y + 4*r - 19 - 27, -y = 5*r + f. Does 4 divide y?
False
Let l = -71 - -67. Is ((-2013)/(-12) - 2)*(-16)/l a multiple of 13?
True
Is -1*(-18)/(-27)*-5391 a multiple of 8?
False
Suppose 0 = -13*y - 8371 + 755663. Is 73 a factor of y?
False
Let l = 38 - 36. Suppose 0 = 5*d - l*r + 30, -2*d - 5*r + 3*r + 2 = 0. Is 8 a factor of d/(-10) - 552/(-20)?
False
Suppose 0 = -4*v - 5*w - 156, 0*w = 3*v + 3*w + 114. Let k = v + 27. Is (-9*k/(-21))/(1/(-24)) a multiple of 10?
False
Suppose 46*y + 1640 = 54*y. Is y - 0 - (4/(-1))/2 a multiple of 12?
False
Let d be -3 + 1 - (-2 - (-892)/(-2)). Let r = 130 + d. Suppose 49*j - 53*j + r = 0. Is 10 a factor of j?
False
Suppose -30 = -19*f + 46. Suppose -m + d + 139 = m, 0 = -m + f*d + 73. Is 5 a factor of m?
False
Suppose 44*j - 126162 - 80364 - 74502 = 0. Is 13 a factor of j?
False
Suppose -882 = -21*w + 336. Suppose 3*a - 12 = 7*a. Let h = w + a. Is 18 a factor of h?
False
Suppose -76684 = -6*d + 2*q, 18*d - 13*d + 2*q - 63874 = 0. Does 11 divide d?
False
Let d = -2397 + 3122. Does 25 divide d?
True
Suppose 11585 - 33831 = -3*j - 2*d, 0 = -5*j - 2*d + 37070. Is 72 a factor of j?
False
Let r(l) = 40*l - 218. Let h be r(8). Suppose f - 34 = 3*u, 10*f - 4*u = 13*f - h. Is f a multiple of 4?
False
Let n be -2*9/9*11*2. Let u = n - -51. Suppose -3*x + 860 = u*x. Is x a multiple of 20?
False
Does 6 divide (5*(-69)/(-92))/(5/17432)?
True
Let v = -1200 + 2420. Is 63 a factor of v?
False
Let g = -432 - -681. Let y(u) = u + 854. Let d be y(0). Suppose -5*b = g - d. Does 11 divide b?
True
Let g = -1093 + 1090. Let q(h) = h**2 - 4*h**2 + 3 - h - 2*h - h**3. Is 5 a factor of q(g)?
False
Let h = -16 - -11. Let u(d) = -12*d - 489. Let s be u(-51). Is 17 a factor of (-36)/9 - 5/(h/s)?
True
Suppose 0 = v + 3*q - 24960, 5*v + 140*q - 135*q - 124850 = 0. Is v a multiple of 64?
False
Suppose 0 = 8*u + 2135 + 3705. Let m = u + 1375. Is 20 a factor of m?
False
Let k(q) = -10*q**3 + 208*q**2 - 29*q - 32. Is k(17) a multiple of 33?
False
Let y be -147 + (-3)/(-2)*80/30. Let b = 199 + y. Is 8 a factor of b?
True
Suppose 0*n = -2*n + 280. Let m = -577 + 546. Let r = m + n. Is r a multiple of 15?
False
Let c = 3 + -70. Let h = 66 + c. Let o(k) = 159*k**2 + 6*k + 5. Is 24 a factor of o(h)?
False
Let j be (-1131)/(-26)*24*(-4)/(-18). Suppose -55*n + 51*n - 4*l + j = 0, -3*l - 186 = -3*n. Does 40 divide n?
False
Suppose -16*s + 3 = -13. Let p be 2/5 - 2/5. Is 4 a factor of -5 + 14 + p + s?
False
Let s be 26/(-169) + 258/(-13). Let b(y) = 2*y**2 + 19*y - 197. Is b(s) a multiple of 8?
False
Let g(j) = 9*j - 15. Let r be g(-5). Let z = 62 + r. Suppose 0 = -4*k + w - 2*w + 794, 3*k + z*w - 598 = 0. Does 22 divide k?
True
Let d = -22 + 70. Let x be -2 + (-24)/(-14) - d/(-21). Suppose -123 = -x*z + 255. Is z a multiple of 21?
True
Let a = 7608 - 4410. Is 13 a factor of a?
True
Suppose 359*l - 722*l = -362*l - 6265. Does 93 divide l?
False
Suppose -4*z - 12 = -4*y, 0*y = 4*y - 5*z - 12. Suppose 2*v - y*x = -23, -v + 41 = -3*v - 3*x. Is (-540)/v - 2/(-8) a multiple of 17?
True
Suppose 0 = 4*t - 16, -4*t + 9*t = -3*y + 8. Does 7 divide (45 - 276)/(3/y)?
True
Let l = 3 - 14. Let h(g) = -g**3 - 11*g**2 + g + 14. Let q be h(l). Suppose -103 + q = -4*r. Is 5 a factor of r?
True
Suppose 0 = 115*j + 108*j - 61548. Is j a multiple of 28?
False
Let s be -1 + -41 - 8/(8 + -4). Let z = 48 + s. Suppose 263 + 189 = z*d. Is 9 a factor of d?
False
Let b(r) = r**3 + 4*r**2 + 6*r + 6. Let o be b(-2). Suppose -4*s - o*y - 80 = -3*y, 41 = -s - 5*y. Let c = 3 - s. Does 3 divide c?
True
Let b be 362*(2 - 1)/1. Let s be b/3 - (-34)/(-51). Suppose -4*t = -5*k + s, 3*t = -3*k - 3 + 48. Is k a multiple of 5?
True
Suppose -20 = -2*r - s, -2 = -2*r + 3*s + 10. Suppose -c = -3*a - 204, -c - 4*a + r*a + 214 = 0. Is 8 a factor of c?
False
Let b(m) = m**3 - 6*m**2 - 7*m + 3. Let y = 26 - 19. Let k be b(y). Does 12 divide 672/14*k/2?
True
Let i(w) be the first derivative of -w**3/3 + 51*w**2/2 + 34*w - 85. Does 11 divide i(35)?
True
Suppose 0 = 2*h - 0*q - q - 2, -3*h + 10 = 2*q. Let j = -1270 - -1972. Suppose 5*z - j = -h. Is z a multiple of 14?
True
Let r(j) = 4*j - 100. Let b be r(10). Is 58 a factor of (-11638)/(-12) + 50/b?
False
Suppose 33*c - 5475 = 1620. Suppose p + x = -0*x + c, -3*p + 3*x + 651 = 0. Is p a multiple of 6?
True
Let j = 1153 + -1645. Let b = -122 - j. Is b a multiple of 6?
False
Suppose 62*j - 66*j = -172. Suppose 47*v = j*v - b + 5906, -4*v = 5*b - 5914. Is v a multiple of 36?
True
Let v = -5062 + 7392. Does 32 divide v?
False
Let p = -7647 - -14013. Does 102 divide p?
False
Suppose -3*g + y + 14 + 3 = 0, 5*g = -5*y + 55. Let d(c) = c**2 - c - 22. Is 15 a factor of d(g)?
False
Let j(a) = 10*a - 34. Suppose -p + 3*o = -22, 3*o = 3*p + 2 - 56. Let m be j(p). Let f = -28 + m. Is f a multiple of 26?
False
Suppose -4*c - 144 + 14036 = 3*u, u = -c + 3473. Is 23 a factor of c?
True
Suppose 16*j - 15*j = -27. Let k = j + 77. Suppose 0 = -3*o + w + 4*w + 143, -o + k = -4*w. Is o a multiple of 9?
False
Suppose -4*g + g + 126 = 0. Let m(y) = y**2 + 5*y - 10. Let k be m(3). Let o = g + k. Does 22 divide o?
False
Let k(x) = -47*x**2 + 44 + 73 + 49*x**2. Is 13 a factor of k(10)?
False
Let r(g) = g**3 + g**2 + g + 20. Let v be r(0). Let h(k) = -k**2 + 24*k + 29. Let t be h(v). Suppose t = z - f - 0*f, 454 = 4*z + 2*f. Does 28 divide z?
True
Suppose -2*w + 5*w = -l + 8, w - 16 = 3*l. Suppose 5*z - 624 - 257 = k, -356 = -2*z + w*k. Is 16 a factor of z?
True
Let a be -6*(280/9)/(10/(-15)). Suppose 0 = -29*r + 28*r + a. Is 14 a factor of r?
True
Is 14 - 0 - (812 - 4414) a mul